 = 22*w + 7*w**2 - 8*w**3 + 12*w**3 - 3*w**3 - 8 - 18*w. Let p be q(-6). Let t be 0 + 2 - (1 + -11). Calculate the highest common divisor of p and t.
4
Suppose -38*p + 52 = -62. Suppose 5*k = -5*n + 1760, -2*k = p*k - n - 1754. Calculate the highest common factor of k and 13.
13
Let m be 4 - 1 - (2 - -1). Suppose 0 = -3*x + 4*h + 61, 4*x - h = -m*h + 64. Suppose -4*y = -x - 385. Calculate the highest common factor of 25 and y.
25
Let m(r) = 100*r + 112. Let u be m(14). Suppose -73*f + 87*f - u = 0. What is the greatest common divisor of 12 and f?
12
Let j be -4*62/(-12)*(-144)/96. Let r be (-36)/24 + 125/2. Let a = j + r. What is the highest common factor of a and 20?
10
Suppose -2*q + 82 = 3*x, 2*q = -5*x + 5*q + 162. Suppose 2*u - 2*l + 13 - 39 = 0, 4*u + l - 62 = 0. What is the greatest common divisor of u and x?
15
Let j = -77 + 79. Suppose j*b = 5*b + 4*d - 933, -12 = -4*d. Let f = -211 + b. Calculate the highest common factor of 12 and f.
12
Let f = 23770 + -14770. Calculate the highest common divisor of 25 and f.
25
Suppose 84*l = 70*l + 24304. What is the highest common factor of 8 and l?
8
Suppose 25*r - 656 = 24*r + f, 0 = -4*r + 3*f + 2619. What is the greatest common divisor of r and 21?
21
Let h = -1310 + 1398. Let r(u) = -u + 9. Let q be r(-7). Calculate the greatest common divisor of q and h.
8
Suppose -f + 60 = 2*f. Suppose 3*p + p + 2*o - 960 = 0, -5*p = -o - 1214. Suppose 14*i - 38 = p. What is the greatest common factor of i and f?
20
Let y(n) = 15*n**2 - 91*n + 32. Let m be y(7). What is the highest common factor of 2275 and m?
65
Let m = -24 + 20. Suppose 2*k + 6*i = 4*i - 172, 2*k + 170 = -i. Let u be (m/14 - 8/14)*k. What is the highest common divisor of 48 and u?
24
Suppose -l = 3*t - 72, -l = -6*l - 5*t + 370. Suppose -l + 15 = -3*n. Calculate the greatest common factor of 820 and n.
20
Let n = 71900 + -71896. Suppose -2*i = u - 325, 4*i = -2*u + 3*u + 659. Calculate the highest common divisor of n and i.
4
Suppose -6*p = -2*p - 12, p = i - 28. Let a(t) = -t**2 + 14*t - 6. Let g be a(9). Let o = g - i. Calculate the highest common divisor of 2 and o.
2
Let f be 4488/(-442) - -2*1/13. Let w be 24/f*(-41 + 36). What is the greatest common divisor of 84 and w?
12
Suppose -15*p - 6524 + 23774 = 0. Let g = 8 + -4. Suppose 9*y - p = g*y. Calculate the highest common factor of 92 and y.
46
Suppose -16 = -4*g + 3*g. Suppose 4*l - g = -4*x, 3*l + 20 = 5*x + 7*l. What is the highest common divisor of 4 and x?
4
Let x = -839 - -968. Suppose 14*t - 291 = x. What is the highest common factor of 150 and t?
30
Suppose -6618 = -70*p + 4722. What is the highest common factor of 1728 and p?
54
Let i = 1910 + -1174. Let m be 2/6 - i/(-69). What is the highest common factor of 11 and m?
11
Suppose -3*t = 23*t - 858. Suppose 5608 = t*h + 526. Calculate the greatest common divisor of h and 28.
14
Let x be (-4)/10 + (-201)/(-30)*2. Suppose -x*v - 38 = -15*v. Suppose 4*g = 53 + v. Calculate the greatest common divisor of g and 162.
18
Let m be 4030/21 + 14/147. Let u = -1 + 73. Calculate the greatest common factor of m and u.
24
Let f(p) be the second derivative of 0 - 2/3*p**3 + p**2 - 15*p. Let n be f(-1). What is the highest common factor of 54 and n?
6
Suppose 15*h - 1351 - 1109 = 0. Suppose -5*p + 19 + 186 = 0. Calculate the greatest common factor of p and h.
41
Let m(s) = s**3 + 5*s**2 - s - 3. Let o be m(-5). Let i(c) = 12*c - 317. Let n be i(27). Calculate the highest common factor of n and o.
1
Let g be (-1356)/21*(-56)/16. What is the greatest common divisor of g and 2?
2
Let x be (500/(-12))/(-4 + (-115)/(-30)). What is the greatest common divisor of x and 350?
50
Let t be 46/14168*-22 - (-68378)/28. Calculate the highest common divisor of t and 1776.
222
Let y be (-1 + -6)*1 + 10. Suppose -h + 994 = y*g + 315, -2*g + 8 = 0. Calculate the greatest common divisor of h and 29.
29
Suppose -2*q - f = -2 - 0, 0 = 5*q + 4*f - 2. Let t(r) = -r - 20 + q*r - 6*r. Let m be t(-9). What is the greatest common divisor of m and 125?
25
Let r = -325 - -649. Suppose 0*s + 2*s - 4*y - r = 0, -3*y = s - 162. What is the highest common divisor of s and 270?
54
Let q be 47330/40 + 102/136. Calculate the greatest common divisor of q and 4884.
148
Suppose 3*k = 4*k - 20. Let q be (56/(-20) - 2)/((-18)/3660). Let n = q + -956. What is the highest common factor of n and k?
20
Suppose -7222 = -53*g - 226. What is the highest common divisor of g and 77?
11
Suppose -k + 1727 - 527 = 0. Suppose -3*a + k = 2*a. Suppose 4572*g = 4579*g - 210. Calculate the greatest common factor of g and a.
30
Let x(z) = z**3 - 13*z**2 - 16*z - 75. Let w be x(15). Calculate the greatest common factor of 288 and w.
9
Let a = 7822 + -7676. What is the greatest common divisor of a and 8030?
146
Let o = 14040 + -2479. Calculate the highest common factor of 11 and o.
11
Suppose 2*r = 2*u + 9864, -2*u = -5*r - u + 24652. Calculate the greatest common divisor of r and 145.
145
Suppose 45 = 4*f - f. Let b = f - 12. Suppose -4*z = -7*z - b*w + 294, -z = -4*w - 103. Calculate the highest common divisor of 11 and z.
11
Let i be (-2034348)/(-2538) + 14/(-9). What is the greatest common divisor of 50 and i?
50
Let i be 1 - 3 - 685/(-5). Suppose -10*n + 8*n = -2. Let y be 648/(-48)*(3 - n)*-1. Calculate the greatest common factor of i and y.
27
Let z = -188 + 192. Let j be ((z/(-10))/(-1))/(18/5400). Calculate the greatest common factor of j and 12.
12
Let y = -5 + 14. Suppose -4*g = -f + 19, -2*g - y = -f + 4. Let n be 12*435/90 + -2 + 0. Calculate the greatest common divisor of f and n.
7
Let p be 16/(-20)*(-6)/(48/1540). Suppose 22 = 101*k - 98*k + 5*h, 5*k - 74 = h. Calculate the greatest common factor of p and k.
14
Let m = -140 + 196. Let q be (-28)/6*(6 - 2064/m). What is the greatest common divisor of q and 108?
36
Suppose 0 = 11*i + 1463 - 7612. Calculate the highest common divisor of 129 and i.
43
Let o(x) = -2*x**2 - 58*x - 337. Let l be o(-19). Let v be (-4)/((-24)/(-9))*-258. What is the greatest common divisor of l and v?
43
Let h(u) = 2*u**3 + 8*u**2 - 31*u + 4. Let s be h(8). Suppose -51*n - s = -68*n. Calculate the greatest common factor of 133 and n.
19
Suppose 3*n + 106 = -164. Let t be 12882/90 + 12/n. Suppose 6*x - 50 = x + 5*b, -x - 5*b = -28. What is the greatest common divisor of x and t?
13
Let t be -10*(-550)/20*((-9)/(-5) + -1). What is the highest common divisor of t and 370?
10
Suppose 53*d - 16*d = 16872. What is the highest common factor of d and 1216?
152
Let a be 80 + ((-4)/(-6))/(2/(-9)). Suppose 0 = 12*l - a - 127. What is the greatest common factor of l and 17?
17
Let y = 219 + -195. Suppose 2*o + 2*l = 6*l + y, -l - 5 = 0. What is the highest common factor of o and 106?
2
Let d be 5/((-30)/52)*-18. Let m be (43 - 1)/(1260/720). Calculate the highest common factor of m and d.
12
Let m(v) = 7*v - 29. Let p be m(9). Suppose 0 = -13*b + 96 + p. Let r be (-2)/b*-2 - 216/(-60). Calculate the greatest common factor of 28 and r.
4
Let q(j) = 3*j**2 - 6*j + 13. Let c be q(3). Let k = c + -16. Let x(o) = -2*o**2 + 18*o + 3. Let m be x(9). Calculate the greatest common factor of m and k.
3
Let x be -4 + 4 + -8 + 10. Suppose x*f = -r + 376, -69 + 1027 = 5*f - 2*r. Let n be 269/7 + 21/(-49). What is the highest common divisor of n and f?
38
Let a(g) = g**3 + 15*g**2 + 7*g - 1. Let s be a(-11). Suppose 79 = 9*z - z - 145. What is the highest common divisor of s and z?
14
Suppose 3*b + 5*q = -219 - 22, 0 = b - 2*q + 73. Let l(d) = -d**3 + d**2 + 4*d - 6. Let x be l(5). Let u = b - x. What is the highest common factor of u and 36?
9
Suppose 30*t = 31*t - 54. Let i be (-11)/(22/60) + -2. Let v = t + i. What is the highest common divisor of v and 176?
22
Let f(m) = -426*m - 2979. Let z be f(-7). What is the highest common factor of 789 and z?
3
Let i = -277 - -18. Let q = i - -301. Calculate the greatest common divisor of q and 63.
21
Suppose -54 = -5*n + 34*w - 31*w, w = 3*n - 34. Let a = 116 + -68. What is the highest common divisor of a and n?
12
Let l be (-2 - -5) + 3*-3 - 6560/(-205). Let i = -4 - -56. What is the highest common divisor of l and i?
26
Let r(f) = -2*f**3 - f**2 + 30*f + 26. Let t be r(-6). What is the highest common factor of 88 and t?
22
Let y = 